53395261 a composite number?
False
Is 9081436207 a composite number?
False
Is 30210930115 composite?
True
Is 156307173613 a prime number?
False
Is 1922800783 composite?
False
Is 553880231231 a prime number?
True
Is 11323162231 composite?
True
Is 56656733297 a prime number?
False
Is 31738690051 a composite number?
False
Is 6319382011 a prime number?
True
Is 564742393 composite?
False
Is 2488463921 a prime number?
True
Is 213088709377 prime?
False
Is 4317208493 prime?
False
Is 1057020317 composite?
True
Is 227791080619 a prime number?
True
Is 66464927779 prime?
True
Is 32439321823 composite?
False
Is 24837521 composite?
True
Is 19348802822 composite?
True
Is 1790981537 a composite number?
False
Is 780271181 a composite number?
False
Is 26655808141 a prime number?
True
Is 57558895301 a prime number?
True
Is 6129458659 prime?
False
Is 2545251809 composite?
False
Is 152117569 prime?
False
Is 2827812601 a composite number?
False
Is 84955090309 a composite number?
False
Is 89170843037 composite?
False
Is 388272541 composite?
True
Is 36964521817 composite?
True
Is 49306196899 a composite number?
True
Is 358846307 composite?
False
Is 398947 a composite number?
True
Is 10795763189 composite?
False
Is 12011879129 composite?
True
Is 1317667723 composite?
True
Is 89849629 composite?
True
Is 5281071371 a composite number?
True
Is 31917084971 prime?
True
Is 4246449617 composite?
False
Is 2154792323 prime?
False
Is 31537445759 a composite number?
True
Is 6154093297 prime?
False
Is 547429145 prime?
False
Is 145835605889 prime?
True
Is 1011695677 a prime number?
True
Is 3138967241 composite?
True
Is 38862867413 a composite number?
True
Is 2165550445 composite?
True
Is 40766317229 composite?
True
Is 928378001 a prime number?
False
Is 218879561 composite?
True
Is 10165053629 a composite number?
True
Is 19806245281 a composite number?
False
Is 378190753 prime?
True
Is 1144408109 a composite number?
True
Is 789602911 composite?
True
Is 69337718669 a prime number?
True
Is 138684619 prime?
True
Is 6917503393 prime?
False
Is 1395949939 a prime number?
True
Is 1360011751 a prime number?
False
Is 1270534211 a composite number?
False
Is 25902904201 a composite number?
False
Is 5933178749 a prime number?
False
Is 242873603 composite?
True
Is 8104574123 composite?
True
Is 13962564061 composite?
False
Is 1957829053 a composite number?
False
Is 940058281 a composite number?
False
Is 45455122049 a prime number?
False
Is 1547947981 a prime number?
False
Is 93758023 a composite number?
True
Is 311375303 a prime number?
True
Is 14473568146 composite?
True
Is 38514326689 composite?
True
Is 43341809617 a prime number?
True
Is 18885932599 prime?
True
Is 781901563 a prime number?
False
Is 2079195227 prime?
True
Is 2027382743 prime?
True
Is 4779130313 composite?
True
Is 678070633 prime?
False
Is 597746237 a prime number?
False
Is 974495 a prime number?
False
Is 3708421679 a prime number?
True
Is 465776911 prime?
False
Is 70158375745 prime?
False
Is 177523790489 prime?
False
Is 87547815205 prime?
False
Is 351019723 a composite number?
True
Is 64186243571 prime?
True
Is 13682673689 composite?
False
Is 1048609253 a prime number?
True
Is 3377146691 composite?
False
Is 267810061 prime?
False
Is 272489267 composite?
True
Is 30668157383 composite?
False
Is 16584916867 a prime number?
True
Is 422553619 a composite number?
False
Is 2742066683 a prime number?
True
Is 1425714943 a composite number?
True
Is 215646503 a composite number?
True
Is 2531562247 composite?
True
Is 2951728151 prime?
False
Is 133409581 prime?
True
Is 36564877673 a composite number?
True
Is 948844639 a composite number?
True
Is 13207161551 a prime number?
True
Is 2962537277 composite?
True
Is 5623819051 prime?
False
Is 148780033 a composite number?
True
Is 983886731 a composite number?
True
Is 3965046907 a composite number?
False
Is 4588975613 a composite number?
True
Is 1031818253 a composite number?
False
Is 1180451803 prime?
True
Is 42596681 composite?
False
Is 1205087411 a composite number?
True
Is 20048583587 a composite number?
False
Is 7031435605 a prime number?
False
Is 777193013 a composite number?
False
Is 82068683 a composite number?
True
Is 96215634643 a prime number?
True
Is 3444187937 a prime number?
True
Is 45798214447 prime?
True
Is 14238527197 composite?
False
Is 1400488003 a composite number?
True
Is 20086050763 a prime number?
True
Is 10633287493 a composite number?
True
Is 12608198023 composite?
True
Is 5510265113 composite?
False
Is 6856378561 composite?
False
Is 42734779 prime?
True
Is 91479353893 a prime number?
True
Is 1980902927 a composite number?
False
Is 145445654 a prime number?
False
Is 58215609707 a composite number?
False
Is 459404107 a prime number?
False
Is 12208673497 composite?
True
Is 2085753389 prime?
True
Is 5585618267 composite?
False
Is 25853123717 a prime number?
True
Is 13107486479 prime?
False
Is 23317770209 composite?
True
Is 58424134513 a prime number?
True
Is 836210059 prime?
False
Is 9460618663 composite?
False
Is 2936385581 prime?
True
Is 1577392543 prime?
False
Is 2602674559 composite?
False
Is 60283270477 a prime number?
True
Is 4032259859 a composite number?
False
Is 544863973 a composite number?
False
Is 5125474213 composite?
False
Is 38994586853 prime?
False
Is 370560457 prime?
False
Is 3156733495 prime?
False
Is 10327464751 a prime number?
True
Is 108550284529 a composite number?
True
Is 8531817787 a composite number?
False
Is 2115361702 prime?
False
Is 1092547319 composite?
False
Is 426370453 a composite number?
True
Is 146590616503 a composite number?
False
Is 7876359727 prime?
False
Is 13725677015 composite?
True
Is 91428673511 a composite number?
True
Is 115652311 a composite number?
False
Is 33617976413 a prime number?
False
Is 17861572741 a composite number?
True
Is 5527367 composite?
False
Is 3401278591 composite?
False
Is 128648743 a prime number?
False
Is 12841786157 prime?
True
Is 432289587549 composite?
True
Is 12340219093 prime?
False
Is 14210363707 a prime number?
True
Is 14886310349 a composite number?
True
Is 22518748877 composite?
False
Is 14473339141 composite?
False
Is 822642673 prime?
False
Is 360848717 composite?
False
Is 326333567 a composite number?
True
Is 16290691 prime?
True
Is 302686217 composite?
False
Is 40850633 a composite number?
True
Is 819996929 a prime number?
False
Is 67934000593 a composite number?
True
Is 20403574699 composite?
True
Is 10716305609 composite?
True
Is 10561877371 a composite number?
False
Is 1009937129 a composite number?
True
Is 7451783303 prime?
True
Is 102361470037 composite?
True
Is 36405134693 prime?
False
Is 1835644117 a composite number?
True
Is 25235371681 a prime number?
False
Is 8321380527 a composite number?
True
Is 33828587579 prime?
True
Is 10465675438 prime?
False
Is 38794117 prime?
False
Is 3848963878 prime?
False
Is 4722783683 a composite number?
True
Is 11223428077 prime?
False
Is 4505821579 prime?
False
Is 18895934009 composite?
True
Is 72192992713 prime?
False
Is 618494134 a composite number?
True
Is 2426598247 a composite number?
False
Is 2606498465 a composite number?
True
Is 57122879 a prime number?
False
Is 2789334043 a composite number?
False
Is 129178695323 a prime number?
True
Is 9767738527 prime?
False
Is 1875028643 a composite number?
False
Is 18992536099 a prime number?
False
Is 7450068101 composite?
True
Is 1668978811 prime?
True
Is 14427030217 prime?
True
Is 6770218399 prime?
False
Is 211594209 a composite number?
True
Is 373487003 composite?
False
Is 1852771583 prime?
False
Is 292063761074 a prime number?
False
Is 104454043273 a prime number?
True
Is 223776647 prime?
False
Is 16383385133 a prime number?
True
Is 7171163387 composite?
False
Is 4450847617 prime?
True
Is 514999571 composite?
True
Is 3324402749 prime?
True
Is 2458951107 a composite number?
True
Is 41808730091 a prime number?
True
Is 33780013895 a prime number?
False
Is 10214760463 a prime number?
False
Is 2163958747 prime?
False
Is 1558317193 prime?
False
Is 1005687817 composite?
False
Is 155889973 a composite number?
True
Is 2721540863 prime?
False
Is 19470798659 a prime number?
False
Is 1130253749 a prime number?
True
Is 30447148514 prime?
False
Is 7761286531 a prime number?
True
Is 2967615487 composite?
True
Is 8987